21).
2
Let z(h) = 8*h - 19. What is z(2)?
-3
Let s(j) = -2*j - 17. Determine s(1).
-19
Let k(p) = p + 16. Give k(-8).
8
Let h(t) = 2*t**2 - 13*t. Give h(4).
-20
Let q(v) = 17*v + 329. Give q(-19).
6
Let g(x) = -x**3 - 11*x**2 + 29*x - 21. Calculate g(-13).
-60
Let h(g) = -2*g**2 - g. What is h(-1)?
-1
Let y(n) = n**3 - 13*n**2 - 14*n + 4. Calculate y(14).
4
Let r(u) = u**3 + 6*u**2 - 3*u - 9. Determine r(-6).
9
Let t(v) = -2*v**3 - 2*v**2 + 9*v - 8. What is t(1)?
-3
Let r(y) = -y**2 + y + 5. Calculate r(0).
5
Let u(s) = -21*s**2 + s + 1. Give u(1).
-19
Let h(b) = -b**2 - 7*b - 6. Determine h(0).
-6
Let f(u) = -14*u - 2. Calculate f(2).
-30
Let p(y) = y**3 + 9*y**2 + 6*y - 11. Calculate p(-6).
61
Let n(y) = y**3 + 18*y**2 + 18*y + 3. Calculate n(-17).
-14
Let f(o) = -2*o + 26. What is f(14)?
-2
Let p(b) = -17*b + 5. Determine p(7).
-114
Let m(u) = -u**2 + 21*u + 23. Calculate m(22).
1
Let a(j) = 13*j - 19. What is a(2)?
7
Let q(o) = 5*o**2 - 85*o + 10. What is q(17)?
10
Let o(x) = -22*x**2 - 3*x + 4. Give o(2).
-90
Let i(a) = 2*a**2 - 36*a + 87. Give i(15).
-3
Let t(d) = 2*d - 3. Give t(5).
7
Let m(d) = -d**3 - 5*d**2 + 5*d - 4. Calculate m(-6).
2
Let k(l) = -l**2 - 2*l. What is k(5)?
-35
Let v(w) = -7*w - 5. What is v(-13)?
86
Let g(n) = n**3 - 10*n**2 - 7*n + 5. Determine g(11).
49
Let d(r) = 3*r - 39. Calculate d(6).
-21
Let p(b) = b**2 + 6*b + 7. What is p(-3)?
-2
Let z(w) = -46*w + 27. What is z(2)?
-65
Let h(o) = 27*o - 198. Determine h(8).
18
Let g(d) = 2*d**2 + 6*d + 2. Calculate g(-3).
2
Let i(j) = -2*j**3 - j**2 - 5*j - 7. Give i(3).
-85
Let p(m) = m**2 + m + 5. Calculate p(-6).
35
Let r(k) = 3*k + 16. Determine r(7).
37
Let l(w) = -6*w**2 + 50*w - 24. Determine l(8).
-8
Let o(q) = -2*q**2 - 19*q + 14. Determine o(-10).
4
Let m(x) = -2*x**3 + 9*x**2 + 6*x + 4. Give m(5).
9
Let p(t) = 2*t + 56. Calculate p(-26).
4
Let c(h) = -4*h + 57. Give c(7).
29
Let c(y) = y**3 + 3*y**2 - 6*y - 4. Give c(-4).
4
Let s(u) = u - 48. What is s(14)?
-34
Let m(c) = c + 18. Calculate m(-7).
11
Let q(x) = x - 13. Give q(17).
4
Let k(t) = 3*t + 27. Calculate k(-5).
12
Let u(l) = l**2 - 65*l - 65. Give u(-1).
1
Let g(o) = 8*o - 154. What is g(20)?
6
Let g(f) = f**3 - 6*f**2 + 7*f + 4. Determine g(4).
0
Let g(a) = a**2 - 8*a + 7. Give g(5).
-8
Let u(q) = q**2 - q - 3. Calculate u(3).
3
Let q(f) = -122*f - 6. What is q(-1)?
116
Let k(o) = -o**3 + 9*o**2 - 5*o - 28. Give k(8).
-4
Let z(l) = 2*l + 63. Calculate z(-17).
29
Let k(i) = -i**3 - 9*i**2 - 6*i + 10. Calculate k(-7).
-46
Let d(s) = -s**2 - 5*s + 22. Give d(-9).
-14
Let q(g) = g**2 - 6*g - 5. Determine q(6).
-5
Let p(r) = 15*r + 1. Give p(-1).
-14
Let c(m) = -2*m - 2. What is c(-2)?
2
Let v(h) = h**3 + 35*h**2 + 31*h - 97. Give v(-34).
5
Let g(n) = -6*n**2 + 12*n - 21. Give g(3).
-39
Let u(f) = -f**3 + 5*f**2 + 4*f - 11. What is u(5)?
9
Let c(w) = -12*w - 88. Calculate c(-8).
8
Let u(l) = -4*l + 18. What is u(9)?
-18
Let q(z) = -20*z + 249. Determine q(13).
-11
Let k(w) = -w**2 - 12*w - 53. What is k(-6)?
-17
Let d(m) = -m**3 - 9*m**2 + m + 3. Determine d(-9).
-6
Let k(h) = h + 7. What is k(-5)?
2
Let z(y) = y**3 - 8*y**2 - 5*y - 21. Determine z(9).
15
Let l(q) = -q**2 + 6*q + 5. What is l(3)?
14
Let i(j) = -j**3 + 20*j**2 - 50*j - 27. What is i(17)?
-10
Let j(k) = -k**3 - 2*k**2 - 3*k. Give j(-2).
6
Let m(k) = k**3 - 8*k**2 - 4*k + 22. Determine m(7).
-55
Let u(c) = c**3 + 4*c**2 - 6*c - 6. Give u(-5).
-1
Let b(p) = -18*p**2 + 6*p + 1. What is b(-1)?
-23
Let i(v) = -v**3 + 28*v**2 - 26*v - 21. Determine i(27).
6
Let a(o) = -3*o**2 - 6*o + 56. Give a(6).
-88
Let p(n) = -13*n + 19. Calculate p(2).
-7
Let k(v) = -v - 8. Determine k(-5).
-3
Let b(l) = -l**3 + 7*l**2 - 3*l + 19. What is b(7)?
-2
Let q(y) = 4*y - 2. What is q(-2)?
-10
Let i(o) = o**3 + 4*o**2 + 3*o - 2. Give i(-3).
-2
Let l(b) = -2*b**3 - 8*b**2 - 5*b - 4. Give l(-3).
-7
Let b(z) = -z**3 + 10*z**2 - 2*z - 5. Give b(9).
58
Let q(u) = -u**2 + 14*u - 11. What is q(14)?
-11
Let y(i) = i**2 + 6*i + 15. Calculate y(-6).
15
Let n(w) = -w**2 + 14*w + 16. Determine n(15).
1
Let x(w) = w**2 + 41*w - 31. What is x(-42)?
11
Let b(f) = -f**2 + 15*f - 27. Determine b(12).
9
Let u(r) = r**2 - 12*r - 30. Determine u(13).
-17
Let i(k) = k**2 - 9*k - 11. Calculate i(16).
101
Let r(t) = -4*t - 8. Determine r(-4).
8
Let s(v) = -v**3 + 22*v**2 - 55*v - 28. What is s(19)?
10
Let k(m) = 15*m - 43. Calculate k(4).
17
Let s(m) = m - 26. What is s(17)?
-9
Let a(x) = -2*x - 1. Determine a(0).
-1
Let r(g) = -11*g - 75. Determine r(-7).
2
Let d(s) = -128*s + 273. Determine d(2).
17
Let s(m) = 9*m + 10. What is s(-2)?
-8
Let q(g) = 3*g**2 - 57*g - 29. Determine q(18).
-83
Let l(h) = -h**3 + 3*h**2 - h - 9. Determine l(0).
-9
Let f(h) = -14*h + 3. What is f(2)?
-25
Let a(j) = -j**3 - 6*j**2 - 6*j - 7. Give a(-7).
84
Let i(r) = 2*r**3 + 5*r**2 - r + 2. Give i(-3).
-4
Let v(z) = -z**2 - 6*z + 2. Determine v(-11).
-53
Let r(d) = -2*d - 9. Give r(-4).
-1
Let b(m) = -m**2 + 68. Give b(8).
4
Let a(d) = -20*d + 28. Give a(7).
-112
Let m(c) = 7*c - 214. Calculate m(35).
31
Let p(v) = -9*v + 69. Determine p(10).
-21
Let q(w) = -w**3 + 8*w**2 - 6*w - 3. Calculate q(7).
4
Let w(a) = -a**3 + 13*a**2 + 16*a - 35. Determine w(14).
-7
Let z(x) = x**2 + 9*x - 20. What is z(-12)?
16
Let f(i) = -8*i - 5. Give f(-6).
43
Let o(s) = s - 2. Determine o(-3).
-5
Let n(c) = 2*c + 80. What is n(-26)?
28
Let g(q) = -q**3 + 43*q**2 - 118*q - 82. Calculate g(40).
-2
Let i(z) = -z - 20. Calculate i(0).
-20
Let a(k) = 14*k + 188. What is a(-13)?
6
Let p(b) = -3*b**2 + 12*b + 7. Determine p(4).
7
Let s(q) = q**3 + 5*q**2 + 3*q + 1. Give s(-4).
5
Let s(l) = l**2 - 2*l + 3. Give s(2).
3
Let c(g) = g**3 + 3*g**2 - 3*g - 2. What is c(2)?
12
Let y(t) = t + 1. Calculate y(-1).
0
Let f(p) = 2*p - 10. What is f(10)?
10
Let i(n) = -62*n + 5. Calculate i(3).
-181
Let v(j) = 2*j**2 - 9*j + 5. Determine v(5).
10
Let j(a) = 34*a - 1. Calculate j(1).
33
Let m(u) = -u**2 + 13*u - 38. What is m(5)?
2
Let o(p) = -p**3 - 7*p**2 - 3*p + 1. Determine o(0).
1
Let v(i) = -i**3 - 5*i**2 + 9*i + 8. Calculate v(-6).
-10
Let x(h) = 10*h**2 - h. What is x(-2)?
42
Let k(c) = -13*c + 102. Determine k(7).
11
Let d(h) = -h - 52. What is d(0)?
-52
Let w(t) = -4*t + 6. Give w(4).
-10
Let j(t) = t - 1. Give j(-3).
-4
Let b(f) = 20*f - 9. Give b(2).
31
Let d(o) = -4*o + 182. Give d(46).
-2
Let x(j) = -j**3 - 6*j**2 + j - 40. Determine x(-7).
2
Let c(t) = -16*t - 5. Give c(3).
-53
Let h(p) = -4*p**3 - 20*p**2 + 7*p + 31. What is h(-5)?
-4
Let d(w) = 13*w**3 - 4. Determine d(-2).
-108
Let m(t) = t**3 - 9*t**2 - 13*t + 1. Calculate m(10).
-29
Let f(y) = -y**3 + 6*y**2 + 10*y - 9. Give f(7).
12
Let l(s) = s**3 + 3*s**2 - s - 7. What is l(2)?
11
Let i(n) = -n**3 - 8*n**2 - 7*n - 9. Give i(-8).
47
Let v(d) = d**3 - 8*d**2 + 11*d - 5. Give v(7).
23
Let p(z) = z**3 - 8*z**2 + 2*z + 13. What is p(7)?
-22
Let c(i) = -3*i + 10. Give c(2).
4
Let x(g) = g + 2. What is x(-2)?
0
Let o(n) = -34*n - 110. Give o(-3).
-8
Let v(w) = 2*w**2 + 10*w + 7. Determine v(-4).
-1
Let m(g) = g**3 + 3*g**2 - 9*g + 6. Give m(-5).
1
Let i(h) = -h**3 + 11*h**2 + 5*h - 26. Calculate i(11).
29
Let z(l) = 15*l. Give z(4).
60
Let t(o) = -2*o**3 + 9*o**2 - 5*o - 1. What is t(3)?
11
Let w(o) = -o**3 + 37*o**2 + 81*o - 122. Give w(39).
-5
Let w(g) = g**3 - 2*g**2 + g - 2. Determine w(3).
10
Let i(t) = t**3 + 6*t**2 + t - 15. Give i(-5).
5
Let i(h) = -h**2 - 6*h - 4. What is i(-3)?
5
Let t(s) = -s**3 - 3*s**2 + 12*s + 5. Give t(-5).
-5
Let q(l) = -l**2 + l + 7. Calculate q(-2).
1
Let l(o) = 18*o + 538. Calculate l(-30).
-2
Let s(p) = -p**2 - 11*p - 35. Calculate s(-13).
-61
Let d(u) = 2*u**2 - 26*u + 12. Give d(14).
40
Let u(q) = q**2 - 13. What is u(-13)?
156
Let k(n) = 38*n**3 + n**2. What is k(1)?
39
Let m(p) = -p**3 + 4*p**2 + 14*p - 32. What is m(5)?
13
Let h(i) = 3*i**2 + 22*i - 49. Calculate h(-9).
-4
Let h(o) = -o**3 - 3*o**2 + 8*o + 20. Give h(-3).
-4
Let n(y) = -16*y**2 + 5*y - 5. Calculate n(1).
-16
Let s(z) = z + 6. What is s(7)?
13
Let x(n) = n**2 + 7*n - 32. What is x(-10)?
-2
Let x(t) = -2*t**3 + 20*t**2 - 14. What is x(10)?
-14
Let r(u) = -u**3 - 7*u**2 + 13*u - 6. Give r(-8).
-46
Let w(m) = -m**3 + 3*m**2 + 10*m - 11. Determine w(-4).
61
Let d(o) = -6*o**2 -